e 4) to base 2.
1010100100001001
-505 (base 12) to base 9
-885
686 (base 15) to base 3
2000200
Convert 70be (base 15) to base 5.
1230204
Convert 909 (base 15) to base 13.
c06
What is -220210 (base 5) in base 10?
-7555
Convert 377 (base 9) to base 3.
102121
410254 (base 6) to base 9
48527
Convert 15b7 (base 16) to base 8.
12667
Convert -644 (base 10) to base 13.
-3a7
1234 (base 7) to base 10
466
Convert 2846 (base 10) to base 8.
5436
What is -3021120 (base 4) in base 14?
-49a8
Convert -d92 (base 16) to base 14.
-13a2
12150 (base 6) to base 9
2413
Convert -1327 (base 8) to base 4.
-23113
567 (base 10) to base 11
476
Convert -2239 (base 12) to base 16.
-ecd
470 (base 14) to base 2
1101110010
What is -1520 (base 7) in base 16?
-25a
What is -110 (base 13) in base 15?
-c2
5358 (base 10) to base 15
18c3
-1303 (base 11) to base 7
-4643
What is 3440 (base 6) in base 3?
1010020
-242243 (base 5) to base 6
-110001
Convert -304 (base 6) to base 7.
-220
What is -1534 (base 8) in base 7?
-2336
Convert -2112021 (base 3) to base 5.
-24333
223225 (base 6) to base 5
1101011
What is -26133 (base 7) in base 6?
-52033
Convert -13442 (base 10) to base 6.
-142122
276 (base 13) to base 3
121010
-3d1 (base 15) to base 10
-871
Convert b422 (base 12) to base 9.
28808
What is 2a86 (base 14) in base 3?
101101020
What is 2725 (base 8) in base 9?
2038
-213 (base 16) to base 2
-1000010011
-1200002 (base 3) to base 13
-728
What is 27560 (base 9) in base 8?
44374
What is 18d (base 15) in base 7?
1021
-2111210 (base 3) to base 13
-aaa
Convert -216 (base 13) to base 11.
-2a5
57626 (base 9) to base 2
1001011000010010
Convert 11000100101 (base 2) to base 5.
22243
What is 130a (base 11) in base 10?
1704
a52 (base 13) to base 12
1025
2011110 (base 3) to base 7
4413
Convert 504 (base 8) to base 14.
192
47e (base 16) to base 3
1120121
1c19 (base 16) to base 7
26654
What is -11b (base 14) in base 15?
-eb
Convert -328 (base 14) to base 7.
-1551
Convert 336 (base 9) to base 10.
276
Convert 557 (base 11) to base 3.
220201
What is 411422 (base 5) in base 8?
32062
237b (base 14) to base 2
1100000101001
35e (base 15) to base 9
1038
-43040 (base 5) to base 3
-10222020
2bce (base 16) to base 5
324324
Convert 1330200 (base 4) to base 3.
101221010
-2011022101 (base 3) to base 12
-20724
-5eb (base 15) to base 13
-7c7
Convert 9b1 (base 12) to base 8.
2625
773 (base 8) to base 9
623
What is 1501 (base 10) in base 13?
8b6
-12ac (base 13) to base 11
-2014
-1a09 (base 14) to base 6
-33453
Convert -1ad (base 14) to base 7.
-1006
What is -20322 (base 4) in base 14?
-2ca
10045 (base 10) to base 5
310140
What is 666 (base 7) in base 2?
101010110
What is 1656 (base 10) in base 7?
4554
What is 10020212211 (base 3) in base 9?
106784
What is -1001301 (base 5) in base 14?
-5aa6
Convert 12312210 (base 4) to base 2.
110110110100100
What is -26e6 (base 16) in base 4?
-2123212
What is -a40 (base 16) in base 2?
-101001000000
150 (base 12) to base 9
246
What is -100 (base 3) in base 10?
-9
Convert -11421 (base 5) to base 4.
-31131
Convert -2211 (base 8) to base 9.
-1530
What is 414411 (base 5) in base 3?
200211120
What is 24c3 (base 13) in base 3?
21011200
-74172 (base 9) to base 15
-e7ae
-199 (base 15) to base 13
-225
What is 34074 (base 8) in base 2?
11100000111100
Convert 12 (base 4) to base 11.
6
Convert -10001011010 (base 2) to base 7.
-3151
Convert 1100020 (base 3) to base 15.
453
What is 1100001010011 (base 2) in base 11?
4751
Convert -4328 (base 11) to base 16.
-1655
Convert -7a9 (base 15) to base 16.
-6c6
Convert -101110001 (base 2) to base 12.
-269
Convert -10411 (base 6) to base 7.
-4135
Convert 4277 (base 15) to base 7.
55666
-125a3 (base 12) to base 5
-1300120
40304 (base 5) to base 6
15535
-4964 (base 11) to base 16
-1953
Convert -750 (base 10) to base 3.
-1000210
Convert -422 (base 7) to base 12.
-158
What is -64256 (base 9) in base 11?
-29a22
What is 122333 (base 4) in base 10?
1727
-4552 (base 8) to base 3
-10022021
What is 1221 (base 3) in base 9?
57
What is -3101 (base 4) in base 13?
-131
What is 15154 (base 9) in base 13?
4921
What is -457 (base 8) in base 16?
-12f
Convert -20001012 (base 3) to base 12.
-2672
-1abb (base 14) to base 12
-2999
2e7 (base 16) to base 6
3235
Convert -304543 (base 6) to base 13.
-b14b
1385 (base 11) to base 6
12135
Convert 410212 (base 5) to base 7.
53301
Convert 10022210 (base 3) to base 8.
4570
Convert 4b0 (base 12) to base 3.
222020
What is -224401 (base 6) in base 5?
-1103103
What is -14203 (base 5) in base 11?
-981
-3318 (base 10) to base 16
-cf6
Convert -487 (base 10) to base 5.
-3422
Convert 68 (base 11) to base 6.
202
What is -214111 (base 6) in base 16?
-455b
What is -23133 (base 5) in base 4?
-122010
Convert 10120 (base 6) to base 15.
5e9
What is -4160 (base 7) in base 9?
-2005
What is -5032 (base 8) in base 9?
-3483
13002 (base 5) to base 7
2631
-5550 (base 7) to base 9
-2656
What is -74 (base 13) in base 8?
-137
Convert 11110010110 (base 2) to base 3.
2122221
-28cb (base 16) to base 13
-49a4
What is -1667 (base 10) in base 13?
-9b3
Convert -450410 (base 6) to base 8.
-111546
-12a29 (base 16) to base 6
-1345213
537 (base 12) to base 9
1037
What is 2484 (base 12) in base 14?
1712
-4102 (base 8) to base 14
-ab0
Convert 389 (base 13) to base 4.
21230
-98 (base 13) to base 9
-148
What is 221011 (base 4) in base 5?
41004
What is -102001 (base 4) in base 13?
-6a9
What is 1a (base 14) in base 9?
26
202021121 (base 3) to base 12
8681
1060 (base 8) to base 6
2332
Convert 13c20 (base 13) to base 2.
1001000101010110
Convert -42032 (base 5) to base 15.
-c47
What is 103100 (base 4) in base 10?
1232
What is 1011020 (base 3) in base 8?
1513
Convert -2381 (base 12) to base 14.
-1649
-100 (base 15) to base 5
-1400
Convert -7135 (base 10) to base 5.
-212020
What is 90d (base 14) in base 2?
11011110001
Convert -27d (base 16) to base 3.
-212121
Convert -6782 (base 9) to base 8.
-11627
Convert 1161 (base 8) to base 9.
764
Convert -a5d5 (base 14) to base 6.
-340235
4f26 (base 16) to base 14
7554
Convert 26733 (base 11) to base 15.
b486
-d7 (base 16) to base 6
-555
-b1d7 (base 14) to base 10
-30569
1112000000 (base 3) to base 16
74c1
Convert 111022 (base 5) to base 3.
12022222
-1402 (base 5) to base 10
-227
What is -10201100 (base 3) in base 16?
-a95
Convert 131 (base 16) to base 14.
17b
What is -110221121 (base 3) in base 12?
-5567
Convert -1446 (base 13) to base 3.
-11000120
-201 (base 9) to base 15
-ad
-614 (base 7) to base 10
-305
21212011 (base 3) to base 12
3394
Convert 16240 (base 8) to base 11.
5562
What is 6a7 (base 16) in base 11?
1309
11210112 (base 3) to base 15
1082
-1244 (base 10) to base 15
-57e
What is -154242 (base 6) in base 2?
-11101101110010
What is 15134 (base 6) in base 15?
ac4
-216 (base 10) to base 9
-260
Convert -36d (base 15) to base 11.
-648
-1011010001110 (base 2) to base 9
-7825
What is 207 (base 10) in base 9?
250
What is -d6b4 (base 15) in base 5?
-2423034
Convert -20213 (base 5) to base 7.
-3546
What is -1013b (base 15) in base 7?
-301262
Convert -31110 (base 4) to base 13.
-507
Convert 1e5 (base 15) to base 7.
1166
What is -2317 (base 9) in base 13?
-a21
Convert -442 (base 14) to base 9.
-1135
What is 1120100 (base 3) in base 4?
101313
What is 3723 (base 8) in base 13?
bb1
What is 785 (base 11) in base 15?
42a
What is -b25 (base 16) in base 7?
-11214
-435 (base 6) to base 10
-167
-854 (base 16) to base 2
-100001010100
What is 8b6 (base 14) in base 10?
1728
What is -25a0 (base 12) in base 7?
-15345
What is 1002111 (base 3) in base 7?
2215
Convert 8c (base 15) to base 12.
b0
What is -7bcb (base 13) in base 12?
-a0a5
Convert -2a2 (base 12) to base 7.
-1124
Convert -499 (base 12) to base 2.
-1010110101
What is -100 (base 3) in base 5?
-14
Convert 11100000100 (base 2) to base 6.
12152
Convert -100000101001 (base 2) to base 3.
-2212101
What is 3303 (base 8) in base 5?
23411
Convert 5436 (base 10) to base 13.
2622
What is 4ee (base 15) in base 14?
5a4
-4100 (base 13) to base 8
-21375
What is -60 (base 13) in base 10?
-78
Convert -3406 (base 7) to base 3.
-1200121
45110 (base 9) to base 14
acd5
Convert 56141 (base 7) to base 4.
3130331
Convert b95 (base 12) to base 15.
782
What is -1013012 (base 4) in base 3?
-20020112
What is -1011000 (base 2) in base